{"id":1901,"date":"2022-11-30T15:36:13","date_gmt":"2022-11-30T15:36:13","guid":{"rendered":"https:\/\/www.pacificodespachos.com.pe\/?page_id=1901"},"modified":"2025-01-05T02:23:58","modified_gmt":"2025-01-05T02:23:58","slug":"certificacion-oea","status":"publish","type":"page","link":"https:\/\/www.pacificodespachos.com.pe\/?page_id=1901","title":{"rendered":"Certificaci\u00f3n OEA"},"content":{"rendered":"\n<div align=\"justify\">\n\n<!DOCTYPE html>\n<html lang=\"en\">\n<head>\n    <meta charset=\"UTF-8\">\n    <meta name=\"viewport\" content=\"width=device-width, initial-scale=1.0\">\n    <style>\n        .centered-container {\n            display: flex;\n            justify-content: center;\n            align-items: center;\n            gap: 10px; \/* Adjust the gap between images as needed *\/\n        }\n        .centered-container img {\n            display: block;\n        }\n    <\/style>\n    <title>Center Images Together<\/title>\n<\/head>\n<body>\n    <div class=\"centered-container\">\n        <figure class=\"wp-block-image size-large is-style-rounded\">\n            <img decoding=\"async\" src=\"https:\/\/www.pacificodespachos.com.pe\/wp-content\/uploads\/2025\/01\/oea-e1736041761148.png\" alt=\"\" class=\"wp-image-1902\">\n        <\/figure>\n        <figure class=\"wp-block-image size-large is-style-rounded\">\n            <img decoding=\"async\" src=\"https:\/\/www.pacificodespachos.com.pe\/wp-content\/uploads\/2025\/01\/ISO_9001-e1736041837821.png\" alt=\"\" class=\"wp-image-1902\">\n        <\/figure>\n        <figure class=\"wp-block-image size-large is-style-rounded\">\n            <img decoding=\"async\" src=\"https:\/\/www.pacificodespachos.com.pe\/wp-content\/uploads\/2025\/01\/ISO_37001-e1736041917753.png\" alt=\"\" class=\"wp-image-1902\">\n        <\/figure>\n    <\/div>\n<\/body>\n<\/html>\n\n<p><strong><b>PREGUNTAS FRECUENTES<\/b><\/strong><\/p>\n<p><strong>\u00bfQU\u00c9 ES UN OPERADOR ECON\u00d3MICO AUTORIZADO?<\/strong><\/p>\n<p>El Operador Econ\u00f3mico Autorizado es un operador de comercio internacional que forma parte de la cadena log\u00edstica y es de confianza para la SUNAT (al haber cumplido con las condiciones de certificaci\u00f3n, que se subdividen en requisitos establecidos legalmente), por lo que puede disfrutar de facilidades en cuanto a control y simplificaci\u00f3n aduaneros, as\u00ed como de una certificaci\u00f3n otorgada por la administraci\u00f3n aduanera.<\/p>\n<p>&nbsp;<\/p>\n<p><strong>\u00bfQU\u00c9 CONDICIONES DEBE EVALUAR SUNAT PARA OTORGAR LA CERTIFICACI\u00d3N?<\/strong><\/p>\n<p>Las condiciones para el otorgamiento de la certificaci\u00f3n del Operador Econ\u00f3mico Autorizado incluyen una trayectoria satisfactoria de cumplimiento de la normativa vigente, un sistema adecuado de registros contables y log\u00edsticos que permita la trazabilidad de las operaciones, solvencia financiera debidamente comprobada y un nivel de seguridad adecuado.<\/p>\n<p>&nbsp;<\/p>\n<p><strong>\u00bfES OBLIGATORIO SER UN OEA?<\/strong><\/p>\n<p>Ser Operador Econ\u00f3mico Autorizado no es obligatorio. La decisi\u00f3n de serlo o no depende de la evaluaci\u00f3n de las oportunidades comerciales que significan constituir un operador de confianza certificado por la administraci\u00f3n aduanera y los beneficios que represente internacionalmente.<\/p>\n<p>&nbsp;<\/p>\n<p><strong>\u00bfPOR QU\u00c9 NACE EL OPERADOR OEA?<\/strong><\/p>\n<p>La figura del OEA nace de la necesidad de adoptar esquemas que garanticen la seguridad de los procesos y operaciones al interior de las organizaciones obteniendo a cambio beneficios en materia de control y simplificaci\u00f3n de sus tr\u00e1mites de comercio exterior, que se traduzcan en mejores oportunidades de crecimiento para las empresas y bienestar para las personas.<\/p>\n<p>&nbsp;<\/p>\n<p><strong>\u00bfOPTAR POR EL ESTATUS DE OEA TIENE ALG\u00daN COSTO PARA EL INTERESADO?<\/strong><\/p>\n<p>El procedimiento ante la autoridad aduanera para la obtenci\u00f3n del estatus como OEA es gratuito. Sin embargo, dependiendo del estado de las empresas frente a sus esquemas de seguridad, podr\u00edan incurrir internamente en costos necesarios para alcanzar los est\u00e1ndares que la figura requiere.<\/p>\n<p>&nbsp;<\/p>\n<p><strong>\u00bfQU\u00c9 OPERADORES PUEDEN SER UN OEA?<\/strong><\/p>\n<p>Los operadores que pueden obtener la certificaci\u00f3n son los exportadores, importadores, agentes de aduana, almacenes autorizados y empresas de servicio de entrega r\u00e1pida (ESER). De manera gradual, se incluir\u00e1n a otros operadores.<\/p>\n<p>&nbsp;<\/p>\n<p><strong>\u00bfQU\u00c9 VIGENCIA TIENE LA CERTIFICACI\u00d3N?<\/strong><\/p>\n<p>La certificaci\u00f3n es de car\u00e1cter indefinida, siempre que el operador mantenga los requisitos para su calificaci\u00f3n.<\/p>\n<p>&nbsp;<\/p>\n<p><strong>\u00bfPUEDE PRESENTARSE UNA SOLA SOLICITUD DE AUTORIZACI\u00d3N DE OEA PARA TODAS LAS EMPRESAS QUE EST\u00c1N INTEGRADAS EN UN MISMO GRUPO EMPRESARIAL?<\/strong><\/p>\n<p>La autorizaci\u00f3n como OEA, se otorgar\u00e1 individualmente para cada empresa que lo solicite.<\/p>\n<p>&nbsp;<\/p>\n<p><strong>\u00bfEL DISPONER DE CERTIFICACIONES DE SEGURIDAD, CALIDAD O GESTI\u00d3N, ME GARANTIZA LA OBTENCI\u00d3N AUTOM\u00c1TICA DEL CERTIFICADO OEA?<\/strong><\/p>\n<p>Una certificaci\u00f3n de cualquier \u00edndole no equivale a cumplimiento autom\u00e1tico de todos los requisitos espec\u00edficos para ser habilitado como OEA. Sin embargo, el hecho de tenerlas evidencia un grado de desarrollo en los modelos de est\u00e1ndares de gesti\u00f3n.<\/p>\n<p>&nbsp;<\/p>\n<p><strong>\u00bfCU\u00c1LES SON LAS VENTAJAS DE SER OEA?<\/strong><\/p>\n<p>Las ventajas m\u00e1s importantes para las empresas reconocidas como OEA son:<\/p>\n<ul>\n<li>Consultas, orientaci\u00f3n y capacitaci\u00f3n (todos los OEA)<\/li>\n<li>Disminuci\u00f3n del control aduanero en despachos de importaci\u00f3n y exportaci\u00f3n<\/li>\n<li>Atenci\u00f3n preferente en tr\u00e1mites aduaneros (expedientes de reclamaci\u00f3n, devoluci\u00f3n, regularizaci\u00f3n de despachos de exportaci\u00f3n, otros)<\/li>\n<li>Reducci\u00f3n de plazos en tr\u00e1mites aduaneros (rectificaci\u00f3n en DAM de exportaci\u00f3n e importaci\u00f3n, acciones de control extraordinario)<\/li>\n<li>Actuaci\u00f3n directa de exportadores e importadores como despachadores de aduana, exonerado del pago de garant\u00eda para operar.<\/li>\n<li>Garant\u00eda nominal para el requerimiento previsto en el art\u00edculo 160\u00b0 para despachos de importaci\u00f3n.<\/li>\n<li>Acceso a las facilidades previstas en los acuerdos de reconocimiento mutuo.<\/li>\n<li>Asignaci\u00f3n de un sectorista para orientaci\u00f3n y asistencia especializada en los procedimientos vinculados al Programa OEA a nivel nacional.<\/li>\n<\/ul>\n<\/div>\n<br>\n\n\n\n<div style=\"display: grid;grid-template-columns: auto auto auto;  background-color: #ffffff; padding: 2px;\">\n<div align=\"center\" style=\"padding-left:12px\">\n<a href=\"https:\/\/www.pacificodespachos.com.pe\/wp-content\/uploads\/2025\/01\/GEC-D-05-Politica-propiedad-intelectual-y-de-los-derechos-de-autor.pdf.pdf\" style=\"text-decoration:none; color:#0071a1\" target=\"_blank\" rel=\"noopener noreferrer\">\n<img decoding=\"async\" width=\"140\" src=\"https:\/\/www.pacificodespachos.com.pe\/wp-content\/uploads\/2022\/11\/propiedad.png\" alt=\"\" class=\"wp-image-1903\"><br>\nPolitica propiedad intelectual y de los derechos de autor\n<\/a>\n<\/div>\n<div align=\"center\">\n<a href=\"https:\/\/www.pacificodespachos.com.pe\/wp-content\/uploads\/2025\/01\/GEC-D-04-Politica-integrada-de-gestion-vs02.pdf\" style=\"text-decoration:none; color:#0071a1\" target=\"_blank\" rel=\"noopener noreferrer\">\n<img decoding=\"async\" width=\"140\" src=\"https:\/\/www.pacificodespachos.com.pe\/wp-content\/uploads\/2022\/11\/confidencialidad.png\" alt=\"\" class=\"wp-image-1903\" target=\"_blank\"><br>\nPol\u00edtica integrada de gesti\u00f3n\n<\/a>\n<\/div>\n<div align=\"center\">\n<a href=\"https:\/\/www.pacificodespachos.com.pe\/wp-content\/uploads\/2025\/01\/GEC-D-08-Politica-de-prevencion-del-LAyFT-vs02.pdf\" style=\"text-decoration:none; color:#0071a1\" target=\"_blank\" rel=\"noopener noreferrer\">\n<img decoding=\"async\" width=\"140\" src=\"https:\/\/www.pacificodespachos.com.pe\/wp-content\/uploads\/2022\/11\/flat-1.png\" alt=\"\" class=\"wp-image-1903\"><br>\nPolitia de Prevenci\u00f3n LAFT\n<\/a>\n<\/div>\n<div align=\"center\">\n<a href=\"https:\/\/www.pacificodespachos.com.pe\/wp-content\/uploads\/2025\/01\/GEC-D-06-Politica-de-seguridad-de-la-informacion-vs02.pdf\" style=\"text-decoration:none; color:#0071a1\" target=\"_blank\" rel=\"noopener noreferrer\">\n<img decoding=\"async\" width=\"140\" src=\"https:\/\/www.pacificodespachos.com.pe\/wp-content\/uploads\/2022\/11\/seguridad.png\" alt=\"\" class=\"wp-image-1903\"><br>\nPol\u00edtica de Seguridad de Informaci\u00f3n\n<\/a>\n<\/div>\n<div align=\"center\" style=\"width:150px\">\n\n<\/div>\n<div align=\"center\">\n<a href=\"https:\/\/www.pacificodespachos.com.pe\/wp-content\/uploads\/2024\/09\/GEC-D-10-Codigo-de-conducta-vs04-version-5.pdf\" style=\"text-decoration:none; color:#0071a1\" target=\"_blank\" rel=\"noopener noreferrer\">\n<img decoding=\"async\" width=\"140\" src=\"https:\/\/www.pacificodespachos.com.pe\/wp-content\/uploads\/2022\/11\/proteccion.png\" alt=\"\" class=\"wp-image-1903\"><br>\nCodigo de Conducta\n<\/a>\n<\/div>\n<\/div>\n\n\n\n<p><\/p>\n","protected":false},"excerpt":{"rendered":"<p>Center Images Together PREGUNTAS FRECUENTES \u00bfQU\u00c9 ES UN OPERADOR ECON\u00d3MICO AUTORIZADO? El Operador Econ\u00f3mico Autorizado es un operador de comercio internacional que forma parte de la cadena log\u00edstica y es de confianza para la SUNAT (al haber cumplido con las condiciones de certificaci\u00f3n, que se subdividen en requisitos establecidos legalmente), por lo que puede disfrutar [&hellip;]<\/p>\n","protected":false},"author":1,"featured_media":0,"parent":0,"menu_order":0,"comment_status":"closed","ping_status":"closed","template":"","meta":{"footnotes":""},"class_list":["post-1901","page","type-page","status-publish","hentry"],"_links":{"self":[{"href":"https:\/\/www.pacificodespachos.com.pe\/index.php?rest_route=\/wp\/v2\/pages\/1901","targetHints":{"allow":["GET"]}}],"collection":[{"href":"https:\/\/www.pacificodespachos.com.pe\/index.php?rest_route=\/wp\/v2\/pages"}],"about":[{"href":"https:\/\/www.pacificodespachos.com.pe\/index.php?rest_route=\/wp\/v2\/types\/page"}],"author":[{"embeddable":true,"href":"https:\/\/www.pacificodespachos.com.pe\/index.php?rest_route=\/wp\/v2\/users\/1"}],"replies":[{"embeddable":true,"href":"https:\/\/www.pacificodespachos.com.pe\/index.php?rest_route=%2Fwp%2Fv2%2Fcomments&post=1901"}],"version-history":[{"count":29,"href":"https:\/\/www.pacificodespachos.com.pe\/index.php?rest_route=\/wp\/v2\/pages\/1901\/revisions"}],"predecessor-version":[{"id":2153,"href":"https:\/\/www.pacificodespachos.com.pe\/index.php?rest_route=\/wp\/v2\/pages\/1901\/revisions\/2153"}],"wp:attachment":[{"href":"https:\/\/www.pacificodespachos.com.pe\/index.php?rest_route=%2Fwp%2Fv2%2Fmedia&parent=1901"}],"curies":[{"name":"wp","href":"https:\/\/api.w.org\/{rel}","templated":true}]}}